{"id":7031,"date":"2024-04-08T21:33:13","date_gmt":"2024-04-08T19:33:13","guid":{"rendered":"https:\/\/plateformes-de-veille.org\/index.php\/produit\/kb-suite\/"},"modified":"2024-04-08T22:25:11","modified_gmt":"2024-04-08T20:25:11","slug":"kb-suite","status":"publish","type":"product","link":"https:\/\/plateformes-de-veille.org\/index.php\/produit\/kb-suite\/","title":{"rendered":"KB Suite"},"content":{"rendered":"<p>Historique\u00a0: KB Suite (ex KB Crawl) est n\u00e9 de la demande d&rsquo;un client du domaine a\u00e9ronautique qui souhaitait automatiser la surveillances des pages des sites web de ses concurrents.<br \/>\nUn d\u00e9veloppement sp\u00e9cifique a donc \u00e9t\u00e9 r\u00e9alis\u00e9 et a donn\u00e9 lieu \u00e0 KB Crawl V1 en 2002.<br \/>\nAtouts\u00a0: 1 &#8211; Autonomie compl\u00e8te des utilisateurs pour la surveillance, le traitement, l&rsquo;analyse et la diffusion. 2 &#8211; Des livrables (newsletters) et espaces de diffusion (Plateformes) enti\u00e8rement personnalisables 3- De nombreux algorithmes d&rsquo;intelligence artificielle (IA) pour faciliter le travail du veilleur<br \/>\nType d\u2019utilisateurs\u00a0: La solution KB Suite peut \u00eatre manipul\u00e9e aussi bien pas des professionnels de l&rsquo;information que par les m\u00e9tiers.<br \/>\nD\u00e9veloppements futurs\u00a0: Plusieurs axes sont en cours d&rsquo;am\u00e9lioration ou \u00e0 l&rsquo;\u00e9tude : &#8211; Mise \u00e0 disposition d&rsquo;un bouquet de sources qualifi\u00e9es et sectoris\u00e9es &#8211; De nouveaux algorithmes d&rsquo;intelligence artificielle pour am\u00e9liorer l&rsquo;assistance aux veilleurs &#8211; Un nouveau module de d\u00e9finition graphique des plateformes de diffusion \u2013 etc..<\/p>\n","protected":false},"excerpt":{"rendered":"<p>KB Suite est aujourd&rsquo;hui une solution int\u00e9gr\u00e9e capable d&rsquo;adresser l&rsquo;int\u00e9gralit\u00e9 du workflow de veille.<br \/>\nChaque client de KB Crawl dispose d&rsquo;une instance serveur qui lui est d\u00e9di\u00e9e avec une s\u00e9curisation optimale des ses donn\u00e9es de veille.<br \/>\nLes clients de KB Crawl sont parfaitement autonomes dans la gestion et l&rsquo;ajout de sources web \u00e0 placer sous surveillance.<br \/>\nLes clients de KB Crawl peuvent librement personnaliser leurs livrables et l&rsquo;apparence du portail de diffusion.<\/p>\n","protected":false},"featured_media":1731,"template":"","meta":[],"product_brand":[],"product_cat":[15],"product_tag":[],"class_list":{"0":"post-7031","1":"product","2":"type-product","3":"status-publish","4":"has-post-thumbnail","6":"product_cat-non-classe","8":"first","9":"instock","10":"shipping-taxable","11":"product-type-simple"},"_links":{"self":[{"href":"https:\/\/plateformes-de-veille.org\/index.php\/wp-json\/wp\/v2\/product\/7031","targetHints":{"allow":["GET"]}}],"collection":[{"href":"https:\/\/plateformes-de-veille.org\/index.php\/wp-json\/wp\/v2\/product"}],"about":[{"href":"https:\/\/plateformes-de-veille.org\/index.php\/wp-json\/wp\/v2\/types\/product"}],"wp:featuredmedia":[{"embeddable":true,"href":"https:\/\/plateformes-de-veille.org\/index.php\/wp-json\/wp\/v2\/media\/1731"}],"wp:attachment":[{"href":"https:\/\/plateformes-de-veille.org\/index.php\/wp-json\/wp\/v2\/media?parent=7031"}],"wp:term":[{"taxonomy":"product_brand","embeddable":true,"href":"https:\/\/plateformes-de-veille.org\/index.php\/wp-json\/wp\/v2\/product_brand?post=7031"},{"taxonomy":"product_cat","embeddable":true,"href":"https:\/\/plateformes-de-veille.org\/index.php\/wp-json\/wp\/v2\/product_cat?post=7031"},{"taxonomy":"product_tag","embeddable":true,"href":"https:\/\/plateformes-de-veille.org\/index.php\/wp-json\/wp\/v2\/product_tag?post=7031"}],"curies":[{"name":"wp","href":"https:\/\/api.w.org\/{rel}","templated":true}]}}